{"id":346,"date":"2009-11-23T13:53:12","date_gmt":"2009-11-23T13:53:12","guid":{"rendered":"http:\/\/luisquintero.net\/blog\/?page_id=346"},"modified":"2019-03-06T11:16:34","modified_gmt":"2019-03-06T11:16:34","slug":"curriculum","status":"publish","type":"page","link":"https:\/\/luisquintero.net\/blog\/curriculum\/","title":{"rendered":"CURRICULUM"},"content":{"rendered":"<p><!--StartFragment--><\/p>\n<h2><\/h2>\n<h2><\/h2>\n<h3><strong>E<\/strong>XPOSICIONES INDIVIDUALES<\/h3>\n<p class=\"MsoNormal\">\n<p class=\"MsoNormal\">2015 &#8211; &#8221; Exvoto In\u00fatil &#8220;- Galer\u00eda Blanca Soto Arte. Madrid<\/p>\n<p class=\"MsoNormal\">\u00a0&#8211; \u00a0&#8221; Luis Quintero &#8221; &#8211; Galer\u00eda Casa del Arco. Vejer de la Frontera<\/p>\n<p class=\"MsoNormal\">2011(12- &#8220;VER&#8221; &#8211; Sala Vasallo. Ayto de Chiclana de la Frontera<\/p>\n<p class=\"MsoNormal\">2009 \u00a0\u2013 \u201cMemento\u201d \u2013 Galer\u00eda Blanca Soto. Madrid.<\/p>\n<p class=\"MsoNormal\">2008 \u00a0\u2013 \u201cAlg\u00fan lugar\u201d- Galer\u00eda Benot. C\u00e1diz.<\/p>\n<p class=\"MsoNormal\">2007 \u00a0-\u201cTEMPVS\u201d &#8211; Sala Imagen , Caja de San Fernando, Cat\u00e1logo. Sevilla.<\/p>\n<p class=\"MsoNormal\">2005- Galer\u00eda Sen.Madrid.<\/p>\n<p class=\"MsoNormal\">&#8211; Neilson Gallery. Grazalema, C\u00e1diz.Cat\u00e1logo.<\/p>\n<p class=\"MsoNormal\">2004- \u201c Ning\u00fan Lugar \u201d. Museo provincial de B.B.A.A. de C\u00e1diz, (C\u00e1diz). Cat\u00e1logo.<\/p>\n<p class=\"MsoNormal\">2001- Enfrent-arte. Ronda. M\u00e1laga.<\/p>\n<p class=\"MsoNormal\">2000- Galer\u00eda Sen. Madrid.Cat\u00e1logo.<\/p>\n<p class=\"MsoNormal\">&#8211; Fundaci\u00f3n Luis Ortega Br\u00fa.San Roque, C\u00e1diz.<\/p>\n<p class=\"MsoNormal\">1999- \u201cAnimalversi\u00f3n \u201d. Sala Rivadavia. Diputaci\u00f3n de C\u00e1diz, ( C\u00e1diz). Cat\u00e1logo.<\/p>\n<p class=\"MsoNormal\">&#8211; \u201c Retrospectiva 1983-1999 \u201c.Sala Gessa- Vasallo. Ayto Chiclana, C\u00e1diz.Cat\u00e1logo.<\/p>\n<p class=\"MsoNormal\">&#8211; Galer\u00eda \u00a0J.M. Lumbreras. Bilbao.<\/p>\n<p class=\"MsoNormal\">1996- Galer\u00eda Benot. C\u00e1diz.<\/p>\n<p class=\"MsoNormal\">1994- Museo Cruz Herrera. La L\u00ednea, C\u00e1diz. Cat\u00e1logo.<\/p>\n<p class=\"MsoNormal\">1993- Colegio oficial de arquitectos de Andaluc\u00eda Occidental y Universidad deC\u00e1diz, (C\u00e1diz).Cat\u00e1logo.<\/p>\n<p class=\"MsoNormal\">&#8211; S\u00edsifo o el proceso. Instalaci\u00f3n. Central Lechera. Ayto de C\u00e1diz, (C\u00e1diz).<\/p>\n<p class=\"MsoNormal\">1992 &#8211; \u201cAzymuth\u201d. Escultura. Ayto de S. Roque, C\u00e1diz. Cat\u00e1logo.<\/p>\n<p class=\"MsoNormal\">1991 &#8211; Video &#8211; Instalaci\u00f3n \u201c La Ley del P\u00e9ndulo \u201c. Certamen internacional de video. C\u00e1diz. Cat\u00e1logo.<\/p>\n<p class=\"MsoNormal\">1987 &#8211; Fundaci\u00f3n Municipal de Juventud y Deportes. Pintura y escultura. C\u00e1diz.<\/p>\n<p class=\"MsoNormal\">1985 &#8211; Galer\u00eda de arte contempor\u00e1neo. J. Blazquez y C. Pries. C\u00e1diz.<\/p>\n<p class=\"MsoNormal\">1983 &#8211; Casino Bah\u00eda de C\u00e1diz. Dibujo, pintura y escultura. Pto. de Sta. Mar\u00eda, C\u00e1diz.<\/p>\n<p class=\"MsoNormal\">1981 &#8211; Edici\u00f3n de dibujos. Rotterdam, Holanda.<\/p>\n<p class=\"MsoNormal\">1978 &#8211; Exposici\u00f3n de dibujos. C.E.D. C\u00e1diz.<\/p>\n<p class=\"MsoNormal\">\n<p class=\"MsoNormal\">\n<p class=\"MsoNormal\"><strong> EXPOSICIONES COLECTIVAS<\/strong><\/p>\n<p class=\"MsoNormal\">2015- STARLITE. Galer\u00eda Blanca Soto. Marbella.<\/p>\n<p class=\"MsoNormal\">2012- NULLA DIES SINE LINEA: Dibujo Espa\u00f1ol Contempor\u00e1neo. The Crypt Gallery ( St. Pancras ) Londres<\/p>\n<p class=\"MsoNormal\">2011\/12-\u00a0NULLA DIES SINE LINEA: Desenho Espanhol Contempor\u00e2neo.Biblioteca Nacional de Portugal- Lisboa<\/p>\n<p class=\"MsoNormal\">2011- NULLA DIES SINE LINEA: Dibujo Espa\u00f1ol Contempor\u00e1neo. Instituto Cervantes. Chicago. E.E.U.U.<\/p>\n<p class=\"MsoNormal\">-Ciento y&#8230; postalicas a: Federico Garc\u00eda Lorca. Palacio de Comunicaciones. Oficina Central de Correos. Paseo del Prado, 1. Madrid<\/p>\n<p class=\"MsoNormal\">2010 -EL PENSAMIENTO EN LA BOCA. Salas de Vimcorsa. C\u00f3rdoba<\/p>\n<p class=\"MsoNormal\">&#8211; NULLA DIES SINE LINEA: Dibujo Espa\u00f1ol Contempor\u00e1neo. Freies Museum. Berl\u00edn<\/p>\n<p class=\"MsoNormal\">&#8211; NULLA DIES SINE LINEA: Dibujo Espa\u00f1ol Contempor\u00e1neo. OMA. Se\u00fal<\/p>\n<p class=\"MsoNormal\">&#8211; VICEVERSA. Sala del Teatro Calder\u00f3n. Valladolid ( Cat\u00e1logo )<\/p>\n<p class=\"MsoNormal\">&#8211; SIN M\u00c1S, Arte Contempor\u00e1neo. C.U.C. de C\u00e1diz. ( Cat\u00e1logo )<\/p>\n<p class=\"MsoNormal\">2009- SCOPE MIAMI 09,International Contemporary Art. Galer\u00eda Blanca Soto. Miami.<\/p>\n<p class=\"MsoNormal\">\u2013PINTA 09, The modern and Contemporary Latin American Artfair. Galer\u00eda Blanca Soto. New\u00a0 York.<\/p>\n<p class=\"MsoNormal\">-Museo de C\u00e1diz y creadores contempor\u00e1neos. Museo provincial de B.B.A.A. de C\u00e1diz<\/p>\n<p class=\"MsoNormal\">&#8211; \u201c \u00bf El Arte ? \u2026 puro teatro\u201d. Galer\u00eda Gades. Castillo de Sta. Catalina. C\u00e1diz<\/p>\n<p class=\"MsoNormal\">&#8211; \u201c Viceversa\u201d.Galer\u00eda del Centro Cultural de Espoo. Helsinki. Finlandia. Cat\u00e1logo<\/p>\n<p class=\"MsoNormal\">2008-\u201c El pensamiento en la boca\u201d. Sala Chicarreros, Cajasol. Sevilla. Cat\u00e1logo.<\/p>\n<p class=\"MsoNormal\">&#8211; \u201c El viaje a ninguna parte\u201d. Neilson Gallery.Baluarte de la candelaria.. C\u00e1diz<\/p>\n<p class=\"MsoNormal\">-\u201cEncuentros\u201d Galer\u00eda Gades. Hotel Barcel\u00f3 Santi Petri<\/p>\n<p class=\"MsoNormal\">&#8211; Arte Santander, Feria Nacional de Arte, Santander. Galer\u00eda Blanca Soto.<\/p>\n<p class=\"MsoNormal\">2007- \u201cEl pensamiento en la boca\u201d sala de exposiciones de Cajasol. Jerez. Cat\u00e1logo.<\/p>\n<p class=\"MsoNormal\">-\u201cViceversa\u201d Castillo de Santa Catalina. C\u00e1diz. Cat\u00e1logo.<\/p>\n<p class=\"MsoNormal\">-Arte Santander, Feria Nacional de Arte, Santander .Galer\u00eda Benot..<\/p>\n<p class=\"MsoNormal\">&#8211; \u201cViceversa\u201d Ouda Kerk. \u00c1msterdam. Cat\u00e1logo.<\/p>\n<p class=\"MsoNormal\">-\u201c9 y una formas de mirar \u201cGaler\u00eda Gades . C\u00e1diz. Cat\u00e1logo.<\/p>\n<p class=\"MsoNormal\">2006- \u201c Control y vigilancia\u201d, AyN. centro de arte . Madrid. Cat\u00e1logo.<\/p>\n<p class=\"MsoNormal\">&#8211; \u201c Medias y extremas razones\u201d.Sala Caja S. Fernando. Sevilla. Cat\u00e1logo.<\/p>\n<p><!--StartFragment--><\/p>\n<p class=\"MsoNormal\">2005- \u201c ESTAMPA \u201c, Feria Internacional Obra Seriada, Galer\u00eda A y N.Palacio de cristal,Casa de Campo. \u00a0 \u00a0 \u00a0 \u00a0 \u00a0 \u00a0 \u00a0 \u00a0 \u00a0 \u00a0 Madrid.<\/p>\n<p><!--EndFragment--> <!--StartFragment--><\/p>\n<p class=\"MsoNormal\">&#8211; \u201cTrafalgar (palabras y visiones)\u201d, Palacio Diputaci\u00f3n Provincial de C\u00e1diz. C\u00e1diz. Cat\u00e1logo.<\/p>\n<p class=\"MsoNormal\">-SalaPescader\u00eda Vieja, Jerez.Cat\u00e1logo.<\/p>\n<p class=\"MsoNormal\">-\u201cMirando desde cabo Trafalgar\u201d, Junta de Andaluc\u00eda. Cat\u00e1logo. (Itinerante).<\/p>\n<p class=\"MsoNormal\">-\u201c Medias y extremas razones \u201d, Sala Imagen, Caja S. Fernando. Sevilla.<\/p>\n<p class=\"MsoNormal\">-\u201cMedias y extremas razones\u201d,Museo provincial de B.B.A.A. de C\u00e1diz (C\u00e1diz) Cat\u00e1logo.<\/p>\n<p class=\"MsoNormal\">2004- \u201c A Manolo\u201d. Palacio Diputaci\u00f3n Provincial de C\u00e1diz (C\u00e1diz). Cat\u00e1logo<\/p>\n<p class=\"MsoNormal\">2003- \u201c A Manolo \u201c. Museo Cruz Herrera. La L\u00ednea, C\u00e1diz. Cat\u00e1logo.<\/p>\n<p class=\"MsoNormal\">&#8211; \u201c San Sebastian, one more time \u201c. Sala Caja San Fernando. Pto de Sta Mar\u00eda, C\u00e1diz.<\/p>\n<p class=\"MsoNormal\">2002- \u201c San Sebastian, one more time\u201d. Museo Cruz Herrera, La L\u00ednea. C\u00e1diz. Cat\u00e1logo.<\/p>\n<p class=\"MsoNormal\">&#8211; \u201c San Sebastian, one more time\u201d. Sala Rivadavia. Diputaci\u00f3n de C\u00e1diz. C\u00e1diz.<\/p>\n<p class=\"MsoNormal\">2001 &#8211; \u201c ContenporanyPlastics Artist in the Strait of Gibraltar. Spanish Institute. New York,E.E.U.U.Cat\u00e1logo.<\/p>\n<p class=\"MsoNormal\">&#8211; \u201c 10 a\u00f1os de galer\u00eda\u201d , Museo de Ceuta,Museo de Ant\u00f3n, Cand\u00e1s. Asturias, Jerez, C\u00e1diz..<\/p>\n<p class=\"MsoNormal\">2000 &#8211; \u201c10 a\u00f1os de galer\u00eda\u201d. Sala Rivadav\u00eda. Diputaci\u00f3n de C\u00e1diz, (C\u00e1diz).<\/p>\n<p class=\"MsoNormal\">&#8211; \u201c Las edades del \u00f3xido \u201c. Entreplantas, arte en niveles. M\u00e1laga. Cat\u00e1logo.<\/p>\n<p class=\"MsoNormal\">&#8211; \u201cEspacios para el di\u00e1logo \u201c. Galer\u00eda Juan Manuel Lumbreras.Bilbao.<\/p>\n<p class=\"MsoNormal\">&#8211; \u201c10 A\u00f1os de galer\u00eda\u201d. Sociedad Econ\u00f3mica Amigos del Pais \u201c. M\u00e1laga.\u00a0&#8211;<\/p>\n<p class=\"MsoNormal\">1999 &#8211; \u201c10 a\u00f1os de galer\u00eda \u201c. Museo Cruz Herrera, La L\u00ednea , C\u00e1diz. Cat\u00e1logo.<\/p>\n<p class=\"MsoNormal\">-\u201c10 A\u00f1os de galer\u00eda\u201d. Fundaci\u00f3n Jos\u00e9 Luis Cano. Algeciras, C\u00e1diz.<\/p>\n<p class=\"MsoNormal\">1998-\u201cArte Hotel \u201c. Hotel Ingl\u00e9s.. Galer\u00eda Carmen de la Calle. Valencia.<\/p>\n<p class=\"MsoNormal\">1995- \u201c Posturas para el di\u00e1logo \u201c . Diputaci\u00f3n Provincial de Huelva. (Huelva).<\/p>\n<p class=\"MsoNormal\">&#8211; \u201c Pescado y vino \u201c. Galer\u00eda Carmen de la calle, Jerez , C\u00e1diz.<\/p>\n<p class=\"MsoNormal\">1994- \u201c 956\u201d.Palacio provincial de la Diputaci\u00f3n de C\u00e1diz,(C\u00e1diz). Cat\u00e1logo.<\/p>\n<p class=\"MsoNormal\">1993- \u201c6 Artistas de la bah\u00eda \u201c, Museo provincial de B.B.A.A. de C\u00e1diz. ( C\u00e1diz ).<\/p>\n<p class=\"MsoNormal\">&#8211; \u201cPintores con Cuba\u201d. Convento Sta In\u00e9s y sala del Arenal. Sevilla. Cat\u00e1logo.<\/p>\n<p class=\"MsoNormal\">1992- Galer\u00eda Silos. Tarifa , C\u00e1diz.<\/p>\n<p class=\"MsoNormal\">1991- \u201c Certamen Nacionalde Artes Pl\u00e1sticas, Aduana \u201d. Premio de escultura , Palacio de la Diputaci\u00f3n provincial de C\u00e1diz . Cat\u00e1logo.<\/p>\n<p class=\"MsoNormal\">&#8211; \u201c 23 Artistas Pl\u00e1sticos\u201d . Escultura.Ayto. de San Roque, C\u00e1diz.<\/p>\n<p class=\"MsoNormal\">&#8211; Galer\u00eda Ram\u00f3n Puyol. Algeciras, C\u00e1diz.<\/p>\n<p class=\"MsoNormal\">1990- Presentaci\u00f3n del colectivo \u201c Arte 90 \u201c. Escultura. Caja de ahorros de C\u00e1diz, C\u00e1diz.<\/p>\n<p class=\"MsoNormal\">1989- \u201c Certamen Nacional de Artes Pl\u00e1sticas Aduana \u201c. Escultura. Diputaci\u00f3n provincial de C\u00e1diz, \u00a0 \u00a0 \u00a0 \u00a0 \u00a0 \u00a0 \u00a0 \u00a0 \u00a0 \u00a0 \u00a0 \u00a0 \u00a0 \u00a0 \u00a0C\u00e1diz). Cat\u00e1logo.<\/p>\n<p class=\"MsoNormal\">1988- \u201c Certamen Nacionalde Artes Pl\u00e1sticas Aduana \u201c . Escultura. Diputaci\u00f3n provincial de C\u00e1diz. \u00a0 \u00a0 \u00a0 \u00a0 \u00a0 \u00a0 \u00a0 \u00a0 \u00a0 \u00a0 \u00a0 \u00a0 \u00a0Cat\u00e1logo.<\/p>\n<p class=\"MsoNormal\">&#8211; \u201c Bienal de Bellas Artes \u201c. Escultura. Diputaci\u00f3n provincial de C\u00e1diz.<\/p>\n<p class=\"MsoNormal\">1987- Obra p\u00f3stuma Colectivo Construzi\u00f3n. Pintura y Escultura. Palacio de laDiputaci\u00f3nprovincial de \u00a0 \u00a0 \u00a0 \u00a0 \u00a0 \u00a0 \u00a0 \u00a0 \u00a0C\u00e1diz.<\/p>\n<p class=\"MsoNormal\">&#8211; Muestra de Arte Andaluz de Vanguardia. Pintura. Diputaci\u00f3n provincial\u00a0de C\u00e1diz.<\/p>\n<p class=\"MsoNormal\">1986- Muestra de Arte Andaluz de Vanguardia. Diputaci\u00f3n provincial de C\u00e1diz.<\/p>\n<p class=\"MsoNormal\">&#8211; Bienal de Bellas Artes. Escultura. Diputaci\u00f3n provincial de C\u00e1diz.<\/p>\n<p class=\"MsoNormal\">&#8211; Participaci\u00f3n en las Mesas de Trabajo del ciclo cultural \u201c Expresi\u00f3n 86&#8243;.<\/p>\n<p class=\"MsoNormal\">&#8211; \u201cPerfil de C\u00e1diz\u201d. Escuela de Arte de Algeciras. Junta de Andaluc\u00eda.<\/p>\n<p class=\"MsoNormal\">\n<p class=\"MsoNormal\">\n<p class=\"MsoNormal\">OBRA P\u00daBLICA<\/p>\n<p class=\"MsoNormal\">2015- Monumento a Carlos Edmundo de Ory. C\u00e1diz<\/p>\n<p class=\"MsoNormal\">\n<p class=\"MsoNormal\">2008- Monumento a la Constituci\u00f3n Espa\u00f1ola de 1978.C\u00e1diz<\/p>\n<p class=\"MsoNormal\">\n<p class=\"MsoNormal\">2007- Monumento a la Libertad de Expresi\u00f3n. C\u00e1diz<\/p>\n<p class=\"MsoNormal\">\n<p class=\"MsoNormal\">2006- Pir\u00e1mide homenaje a los desplazados de C\u00e1diz. Chiclana de la Fra.<\/p>\n<p class=\"MsoNormal\">\n<p class=\"MsoNormal\">&#8211; Homenaje a Carlos Castilla del Pino. San Roque<\/p>\n<p class=\"MsoNormal\">\n<p class=\"MsoNormal\">2004- Monumento a Fernando Qui\u00f1ones. C\u00e1diz<\/p>\n<p class=\"MsoNormal\">\n<p class=\"MsoNormal\">\n<p><!--EndFragment--><\/p>\n","protected":false},"excerpt":{"rendered":"<p>EXPOSICIONES INDIVIDUALES 2015 &#8211; &#8221; Exvoto In\u00fatil &#8220;- Galer\u00eda Blanca Soto Arte. Madrid \u00a0&#8211; \u00a0&#8221; Luis Quintero &#8221; &#8211; Galer\u00eda Casa del Arco. Vejer de la Frontera 2011(12- &#8220;VER&#8221; &#8211; Sala Vasallo. Ayto de Chiclana de la Frontera 2009 \u00a0\u2013 \u201cMemento\u201d \u2013 Galer\u00eda Blanca Soto. Madrid. 2008 \u00a0\u2013 \u201cAlg\u00fan lugar\u201d- Galer\u00eda Benot. C\u00e1diz. 2007 \u00a0-\u201cTEMPVS\u201d &hellip; <a href=\"https:\/\/luisquintero.net\/blog\/curriculum\/\" class=\"more-link\">Sigue leyendo <span class=\"screen-reader-text\">CURRICULUM<\/span><\/a><\/p>\n","protected":false},"author":2,"featured_media":0,"parent":0,"menu_order":3,"comment_status":"closed","ping_status":"closed","template":"","meta":{"jetpack_post_was_ever_published":false,"footnotes":""},"class_list":["post-346","page","type-page","status-publish","hentry"],"jetpack_sharing_enabled":true,"jetpack_shortlink":"https:\/\/wp.me\/P6WHFJ-5A","jetpack-related-posts":[],"_links":{"self":[{"href":"https:\/\/luisquintero.net\/blog\/wp-json\/wp\/v2\/pages\/346","targetHints":{"allow":["GET"]}}],"collection":[{"href":"https:\/\/luisquintero.net\/blog\/wp-json\/wp\/v2\/pages"}],"about":[{"href":"https:\/\/luisquintero.net\/blog\/wp-json\/wp\/v2\/types\/page"}],"author":[{"embeddable":true,"href":"https:\/\/luisquintero.net\/blog\/wp-json\/wp\/v2\/users\/2"}],"replies":[{"embeddable":true,"href":"https:\/\/luisquintero.net\/blog\/wp-json\/wp\/v2\/comments?post=346"}],"version-history":[{"count":1,"href":"https:\/\/luisquintero.net\/blog\/wp-json\/wp\/v2\/pages\/346\/revisions"}],"predecessor-version":[{"id":1185,"href":"https:\/\/luisquintero.net\/blog\/wp-json\/wp\/v2\/pages\/346\/revisions\/1185"}],"wp:attachment":[{"href":"https:\/\/luisquintero.net\/blog\/wp-json\/wp\/v2\/media?parent=346"}],"curies":[{"name":"wp","href":"https:\/\/api.w.org\/{rel}","templated":true}]}}